{"id":13,"date":"2010-10-20T23:42:31","date_gmt":"2010-10-20T21:42:31","guid":{"rendered":"http:\/\/www.vega.zeidlos.de\/wp\/?page_id=13"},"modified":"2012-07-12T13:09:08","modified_gmt":"2012-07-12T11:09:08","slug":"der-stamm","status":"publish","type":"page","link":"http:\/\/www.stamm-vega.de\/?page_id=13","title":{"rendered":"Der Stamm"},"content":{"rendered":"<p>Der Stamm Vega, das sind heute 60 Inselpfadfinder im Alter von 9\u201320 Jahren.<\/p>\n<p>1993 luden Uli und Anders zum ersten Mal zur Gruppenstunde in der Kirchengemeinde St. Laurentii ein. Seitdem haben viele F\u00f6hrer Pfadfinderluft geschnuppert, es entwickelten sich feste Gruppen, die \u00fcber die Jahre so manches Abenteuer gemeinsam erlebt haben.<\/p>\n<p>Inzwischen sind schon viele Generationen von Pfadfindern im Stamm gro\u00df geworden und haben die Leitung selbst \u00fcbernommen. Die Gruppenleiter kommen regelm\u00e4\u00dfig in der sogenannten Stammesrunde zusammen, planen gemeinsam und organisieren die gro\u00dfen Aktionen und Fahrten. Denn wir sind gerne unterwegs, ob wir nun mit den J\u00fcngeren \u00fcber den Dieksee paddeln oder mit den \u00c4lteren auf bulgarische Berge klettern, wir haben immer viel Spa\u00df.<\/p>\n<p><a href=\"http:\/\/www.stamm-vega.de\/wp\/wp-content\/uploads\/2010\/10\/Pfila-2012-606.jpg\"><img decoding=\"async\" loading=\"lazy\" class=\"alignnone size-large wp-image-87\" title=\"Pfila 2012 606\" src=\"http:\/\/www.stamm-vega.de\/wp\/wp-content\/uploads\/2010\/10\/Pfila-2012-606-1024x634.jpg\" alt=\"\" width=\"819\" height=\"507\" srcset=\"http:\/\/www.stamm-vega.de\/wp\/wp-content\/uploads\/2010\/10\/Pfila-2012-606-1024x634.jpg 1024w, http:\/\/www.stamm-vega.de\/wp\/wp-content\/uploads\/2010\/10\/Pfila-2012-606-300x185.jpg 300w\" sizes=\"(max-width: 819px) 100vw, 819px\" \/><\/a><\/p>\n<p>Gleich ins Auge f\u00e4llt nat\u00fcrlich, dass wir wie die meisten christlichen Pfadfinder das graue Hemd als Erkennungszeichen tragen.<\/p>\n<p>Damit jeder seinem Alter und seiner Erfahrung entsprechend gefordert wird, unterscheiden wir vier St\u00e4nde. Die J\u00fcngsten sind die W\u00f6lflinge, gut an ihrem roten Tuch zu erkennen. Ab etwa 12 Jahren d\u00fcrfen sie auf dem Jungpfadfinderhajk ihr K\u00f6nnen unter Beweis stellen und bekommen dann das Blaue Tuch. Wer Verantwortung im Stamm \u00fcbernimmt, wird Waldl\u00e4ufer, nachdem er seine Probe gemeistert hat. (Schon schwieriger zu erkennen, da sie eine Nadel verliehen bekommen.) Hat man sich dann als Gruppenleiter bew\u00e4hrt, darf man sein Pfadfinderversprechen ablegen.<\/p>\n<p>Nach dem Schulabschluss ziehen die Gruppenleiter h\u00e4ufig von der Insel. Die Weggezogenen nennen wir dann \u201eAltpfadfinder\u201c, obwohl sie ja eigentlich noch gar nicht so alt sind. Viele kommen zu den gro\u00dfen Lagern und unterst\u00fctzen auch sonst die Gruppenf\u00fchrer, wo sie k\u00f6nnen.<\/p>\n<p>&nbsp;<\/p>\n<p>Zur Zeit gibt es auf F\u00f6hr <a title=\"Die Horten\" href=\"http:\/\/www.stamm-vega.de\/?page_id=51\">7 Horten<\/a>, so hei\u00dfen unsere Gruppen, die sich selbst vorstellen.<\/p>\n","protected":false},"excerpt":{"rendered":"<p>Der Stamm Vega, das sind heute 60 Inselpfadfinder im Alter von 9\u201320 Jahren. 1993 luden Uli und Anders zum ersten Mal zur Gruppenstunde in der Kirchengemeinde St. Laurentii ein. Seitdem haben viele F\u00f6hrer Pfadfinderluft geschnuppert, es entwickelten sich feste Gruppen, die \u00fcber die Jahre so manches Abenteuer gemeinsam erlebt haben. Inzwischen sind schon viele Generationen [&hellip;]<\/p>\n","protected":false},"author":1,"featured_media":0,"parent":0,"menu_order":10,"comment_status":"closed","ping_status":"closed","template":"","meta":[],"_links":{"self":[{"href":"http:\/\/www.stamm-vega.de\/index.php?rest_route=\/wp\/v2\/pages\/13"}],"collection":[{"href":"http:\/\/www.stamm-vega.de\/index.php?rest_route=\/wp\/v2\/pages"}],"about":[{"href":"http:\/\/www.stamm-vega.de\/index.php?rest_route=\/wp\/v2\/types\/page"}],"author":[{"embeddable":true,"href":"http:\/\/www.stamm-vega.de\/index.php?rest_route=\/wp\/v2\/users\/1"}],"replies":[{"embeddable":true,"href":"http:\/\/www.stamm-vega.de\/index.php?rest_route=%2Fwp%2Fv2%2Fcomments&post=13"}],"version-history":[{"count":9,"href":"http:\/\/www.stamm-vega.de\/index.php?rest_route=\/wp\/v2\/pages\/13\/revisions"}],"predecessor-version":[{"id":49,"href":"http:\/\/www.stamm-vega.de\/index.php?rest_route=\/wp\/v2\/pages\/13\/revisions\/49"}],"wp:attachment":[{"href":"http:\/\/www.stamm-vega.de\/index.php?rest_route=%2Fwp%2Fv2%2Fmedia&parent=13"}],"curies":[{"name":"wp","href":"https:\/\/api.w.org\/{rel}","templated":true}]}}