{"id":19,"date":"2010-10-21T00:00:15","date_gmt":"2010-10-20T22:00:15","guid":{"rendered":"http:\/\/www.vega.zeidlos.de\/wp\/?page_id=19"},"modified":"2011-08-26T17:00:14","modified_gmt":"2011-08-26T15:00:14","slug":"start","status":"publish","type":"page","link":"http:\/\/www.stamm-vega.de\/","title":{"rendered":"Fahren wollen wir ins Morgenland,"},"content":{"rendered":"<div style=\"font-size: 20px; color: #646464; line-height: 30px; font-style: italic;\"><a href=\"http:\/\/www.stamm-vega.de\/wp\/wp-content\/uploads\/2011\/08\/fahrt.jpg\"><img decoding=\"async\" loading=\"lazy\" class=\"alignnone size-full wp-image-44\" title=\"Fahren wollen wir ins Morgenland ...\" src=\"http:\/\/www.stamm-vega.de\/wp\/wp-content\/uploads\/2011\/08\/fahrt.jpg\" alt=\"Zwei auf dem Weg... :)\" width=\"640\" height=\"428\" srcset=\"http:\/\/www.stamm-vega.de\/wp\/wp-content\/uploads\/2011\/08\/fahrt.jpg 640w, http:\/\/www.stamm-vega.de\/wp\/wp-content\/uploads\/2011\/08\/fahrt-300x200.jpg 300w\" sizes=\"(max-width: 640px) 100vw, 640px\" \/><\/a><\/div>\n<div style=\"font-face: 'Times New Roman', Times; font-size: 20px; color: #646464; line-height: 30px; font-style: italic;\">wandern weit durch Raum und Zeit.<\/div>\n<div style=\"font-face: 'Times New Roman', Times; font-size: 20px; color: #646464; line-height: 30px; font-style: italic;\">\n<p>An des Ursprungs ewig jungem Strand<br \/>\nsuchen wir Gl\u00fcckseligkeit.<\/p>\n<p>Fern von Schranken und Gewohnheits Band,<br \/>\nstumpfer Lebensnichtigkeit, \u00f6ffnet sich der Blick<br \/>\nKann das Herz erst sehn, wie das Leben tief und sch\u00f6n!<\/p>\n<p>Vega sticht in See, der Wind greift in die Segel,<br \/>\nfahren wir wieder, singen wir Lieder<br \/>\nin die weite Welt.<\/p>\n<\/div>\n<p>\u00a9 Anders Sewing<\/p>\n","protected":false},"excerpt":{"rendered":"<p>wandern weit durch Raum und Zeit. An des Ursprungs ewig jungem Strand suchen wir Gl\u00fcckseligkeit. Fern von Schranken und Gewohnheits Band, stumpfer Lebensnichtigkeit, \u00f6ffnet sich der Blick Kann das Herz erst sehn, wie das Leben tief und sch\u00f6n! Vega sticht in See, der Wind greift in die Segel, fahren wir wieder, singen wir Lieder in [&hellip;]<\/p>\n","protected":false},"author":1,"featured_media":0,"parent":0,"menu_order":1,"comment_status":"closed","ping_status":"closed","template":"","meta":[],"_links":{"self":[{"href":"http:\/\/www.stamm-vega.de\/index.php?rest_route=\/wp\/v2\/pages\/19"}],"collection":[{"href":"http:\/\/www.stamm-vega.de\/index.php?rest_route=\/wp\/v2\/pages"}],"about":[{"href":"http:\/\/www.stamm-vega.de\/index.php?rest_route=\/wp\/v2\/types\/page"}],"author":[{"embeddable":true,"href":"http:\/\/www.stamm-vega.de\/index.php?rest_route=\/wp\/v2\/users\/1"}],"replies":[{"embeddable":true,"href":"http:\/\/www.stamm-vega.de\/index.php?rest_route=%2Fwp%2Fv2%2Fcomments&post=19"}],"version-history":[{"count":12,"href":"http:\/\/www.stamm-vega.de\/index.php?rest_route=\/wp\/v2\/pages\/19\/revisions"}],"predecessor-version":[{"id":45,"href":"http:\/\/www.stamm-vega.de\/index.php?rest_route=\/wp\/v2\/pages\/19\/revisions\/45"}],"wp:attachment":[{"href":"http:\/\/www.stamm-vega.de\/index.php?rest_route=%2Fwp%2Fv2%2Fmedia&parent=19"}],"curies":[{"name":"wp","href":"https:\/\/api.w.org\/{rel}","templated":true}]}}